{"id":424,"date":"2023-06-05T12:21:18","date_gmt":"2023-06-05T11:21:18","guid":{"rendered":"http:\/\/univ-walombe.com\/?page_id=424"},"modified":"2024-09-12T10:25:23","modified_gmt":"2024-09-12T09:25:23","slug":"mot-du-president-fondateur","status":"publish","type":"page","link":"https:\/\/univ-walombe.com\/index.php\/mot-du-president-fondateur\/","title":{"rendered":"Mot du pr\u00e9sident fondateur"},"content":{"rendered":"\t\t<div data-elementor-type=\"wp-page\" data-elementor-id=\"424\" class=\"elementor elementor-424\">\n\t\t\t\t\t\t<section class=\"elementor-section elementor-top-section elementor-element elementor-element-261d6f6 elementor-section-boxed elementor-section-height-default elementor-section-height-default\" data-id=\"261d6f6\" data-element_type=\"section\" data-e-type=\"section\" data-settings=\"{&quot;background_background&quot;:&quot;classic&quot;}\">\n\t\t\t\t\t\t<div class=\"elementor-container elementor-column-gap-default\">\n\t\t\t\t\t<div class=\"elementor-column elementor-col-100 elementor-top-column elementor-element elementor-element-8b8bdb5\" data-id=\"8b8bdb5\" data-element_type=\"column\" data-e-type=\"column\">\n\t\t\t<div class=\"elementor-widget-wrap elementor-element-populated\">\n\t\t\t\t\t\t<div class=\"elementor-element elementor-element-54f06df elementor-widget elementor-widget-text-editor\" data-id=\"54f06df\" data-element_type=\"widget\" data-e-type=\"widget\" data-widget_type=\"text-editor.default\">\n\t\t\t\t<div class=\"elementor-widget-container\">\n\t\t\t\t\t\t\t\t\t<h6>&nbsp;<\/h6>\n<p class=\"MsoNormal\"><b><img decoding=\"async\" class=\" wp-image-890 alignleft\" src=\"http:\/\/univ-walombe.com\/wp-content\/uploads\/2023\/08\/image_2023-08-03_163211060-272x300.png\" alt=\"\" width=\"144\" height=\"159\" srcset=\"https:\/\/univ-walombe.com\/wp-content\/uploads\/2023\/08\/image_2023-08-03_163211060-272x300.png 272w, https:\/\/univ-walombe.com\/wp-content\/uploads\/2023\/08\/image_2023-08-03_163211060.png 317w\" sizes=\"(max-width: 144px) 100vw, 144px\" \/>Jean Jacques Rousseau, dans son \u0153uvre intitul\u00e9e Emile ou de l\u2019Education (1762), fait de l\u2019\u00e9ducation un art pour former les hommes depuis le nourrisson jusqu\u2019\u00e0 l\u2019adulte dans la vie active. Par ailleurs, en scrutant le Pr\u00e9ambule de la D\u00e9claration Universelle des Droits de l\u2019Homme, nous en tirons&nbsp; &nbsp;que l\u2019\u00e9ducation et l\u2019enseignement sont les moyens sur lesquels compte la nouvelle soci\u00e9t\u00e9 humaine mondiale constitu\u00e9e au lendemain de la Seconde Guerre pour d\u00e9velopper le respect des droits de l\u2019homme et des libert\u00e9s fondamentales par tous les individus et tous les organes de la soci\u00e9t\u00e9. Plus pr\u00e8s de nous, J. Rawls, p\u00e8re de la pens\u00e9e politique contemporaine et A. Sen, prix Nobel d\u2019\u00e9conomie, reconnaissent tous deux, en d\u00e9pit des approches diff\u00e9rentes, que l\u2019acc\u00e8s \u00e0 l\u2019\u00e9ducation est indissociable du d\u00e9veloppement \u00e9conomique et social\u2026<\/b><\/p>\n<p class=\"MsoNormal\"><b>L\u2019int\u00e9r\u00eat de l\u2019\u00e9ducation est tel que nous pouvons d\u00e9clarer sans risque d\u2019erreur que\u00ab&nbsp;l\u2019\u00e9ducation et l\u2019enseignement par tous les moyens&nbsp;\u00bb doit \u00eatre aujourd\u2019hui le ma\u00eetre mot de la famille humaine au sortir de la plus grande crise sanitaire de l\u2019apr\u00e8s Seconde Guerre mondiale. En effet, la pand\u00e9mie de la covid-19 a mis aux arr\u00eats la quasi-totalit\u00e9 des activit\u00e9s socio\u00e9conomiques&nbsp;au d\u00e9but de l\u2019ann\u00e9e 2020. Aussi, nous constatons que l\u2019\u00e9ducation a plus que jamais \u00e9t\u00e9 mise \u00e0 contribution pour \u00e9duquer la population mondiale sur un nouveau genre de comportement afin de stopper la progression du virus dans tous les pays. Par ailleurs, parmi les mesures d\u2019urgence prises par les Etats, figure la fermeture des \u00e9coles. Cependant, l\u2019enseignement, dans beaucoup de pays, a \u00e9t\u00e9 poursuivi \u00e0 distance par le canal des technologies de l\u2019information et de la communication (TIC).<\/b><\/p>\n<p class=\"MsoNormal\"><b>C\u2019est dire combien il est n\u00e9cessaire que les structures en charge de la formation des ressources humaines, se trouvant aujourd\u2019hui dans de nouveaux contextes sociaux, \u00e9conomiques et environnementaux, s\u2019adaptent \u00e9galement aux nouveaux outils que leur offrent les nouvelles technologies pour mieux former, mieux&nbsp; &nbsp;informer et mieux communiquer dans le cadre de leur mission.<\/b><\/p>\n<p class=\"MsoNormal\"><b>En cela, l\u2019ouverture du site de la Facult\u00e9 Priv\u00e9e de Droit Walomb\u00e9 s\u2019inscrit dans la logique d\u2019une veille technologique et d\u2019un rapprochement entre tous les acteurs de la famille \u00e9ducative centrafricaine et mondiale. La structure de ce site r\u00e9pond \u00e0 ce souci et aux attentes de tous les partenaires proches ou lointains de Walomb\u00e9. Toutefois, les r\u00e9actions et les observations des uns et des autres nous permettront de rendre plus performante et efficace cette plateforme dans l\u2019int\u00e9r\u00eat de tous.<\/b><\/p>\t\t\t\t\t\t\t\t<\/div>\n\t\t\t\t<\/div>\n\t\t\t\t\t<\/div>\n\t\t<\/div>\n\t\t\t\t\t<\/div>\n\t\t<\/section>\n\t\t\t\t<\/div>\n\t\t","protected":false},"excerpt":{"rendered":"<p>&nbsp; Jean Jacques Rousseau, dans son \u0153uvre intitul\u00e9e Emile ou de l\u2019Education (1762), fait de l\u2019\u00e9ducation un art pour former &hellip; <\/p>\n","protected":false},"author":1,"featured_media":0,"parent":0,"menu_order":0,"comment_status":"closed","ping_status":"closed","template":"","meta":{"_bbp_topic_count":0,"_bbp_reply_count":0,"_bbp_total_topic_count":0,"_bbp_total_reply_count":0,"_bbp_voice_count":0,"_bbp_anonymous_reply_count":0,"_bbp_topic_count_hidden":0,"_bbp_reply_count_hidden":0,"_bbp_forum_subforum_count":0,"content-type":"","footnotes":""},"class_list":["post-424","page","type-page","status-publish","hentry"],"_links":{"self":[{"href":"https:\/\/univ-walombe.com\/index.php\/wp-json\/wp\/v2\/pages\/424","targetHints":{"allow":["GET"]}}],"collection":[{"href":"https:\/\/univ-walombe.com\/index.php\/wp-json\/wp\/v2\/pages"}],"about":[{"href":"https:\/\/univ-walombe.com\/index.php\/wp-json\/wp\/v2\/types\/page"}],"author":[{"embeddable":true,"href":"https:\/\/univ-walombe.com\/index.php\/wp-json\/wp\/v2\/users\/1"}],"replies":[{"embeddable":true,"href":"https:\/\/univ-walombe.com\/index.php\/wp-json\/wp\/v2\/comments?post=424"}],"version-history":[{"count":33,"href":"https:\/\/univ-walombe.com\/index.php\/wp-json\/wp\/v2\/pages\/424\/revisions"}],"predecessor-version":[{"id":1782,"href":"https:\/\/univ-walombe.com\/index.php\/wp-json\/wp\/v2\/pages\/424\/revisions\/1782"}],"wp:attachment":[{"href":"https:\/\/univ-walombe.com\/index.php\/wp-json\/wp\/v2\/media?parent=424"}],"curies":[{"name":"wp","href":"https:\/\/api.w.org\/{rel}","templated":true}]}}